rime factors of v?
3, 11
Suppose 1 = -4*p + 13. Let u be 4*p/6 - -1. List the prime factors of (u/9)/((-2)/(-12)).
2
Let u(v) = 5*v - 1. Let p be u(1). Suppose -p + 1 = j. What are the prime factors of (-1)/6*j*28?
2, 7
Let n(i) = -3*i**2 - 15*i + 2. Let b(o) = 2*o**2 + 8*o - 1. Let x(l) = -5*b(l) - 3*n(l). List the prime factors of x(4).
3
Let s(a) be the first derivative of a**5/40 - a**4/24 - a**3/3 - 1. Let l(h) be the third derivative of s(h). List the prime factors of l(3).
2
Let v = -3 - -3. Suppose 3*q - 28 = 4*s + 7, v = -4*q - 4*s. Suppose 18 = -2*t + q*t + a, -a = 5*t - 32. What are the prime factors of t?
7
Let j = -4 - 19. Let p = j + 41. Suppose f + 5*z - 13 = p, 0 = -4*f + 5*z - 1. List the prime factors of f.
2, 3
Suppose 2*y = -2*y + 856. List the prime factors of y.
2, 107
Let s be -1 + 4 + 8*-1. Let z = 7 + s. List the prime factors of 3*6 + z + -4.
2
Let h(y) = 9*y**2 + 3*y + 3. What are the prime factors of h(-2)?
3, 11
Let v = 73 - -1. List the prime factors of v.
2, 37
Let q = 164 - 16. What are the prime factors of q?
2, 37
Let h be (-12)/(-18)*78/(-4). What are the prime factors of 2 + -3 + (1 - h)?
13
Suppose -2*q + 66 - 15 = 3*o, 68 = 3*q - 4*o. Let a be 2/(-7)*(2 - 9). Suppose -l + q = a*l. List the prime factors of l.
2
Let c(l) = l**2 - 8*l + 5. Let s be c(8). Let p = s + -6. What are the prime factors of ((-21)/(-9))/(p/(-3))?
7
Let b(t) = 37*t**2 + t. Let v be b(1). Suppose -v = -4*f + 174. What are the prime factors of f?
53
Let s = 4 + 0. Suppose s*r = 3*r + 12. Suppose 0*j + r = 3*j. List the prime factors of j.
2
Suppose 4*h = z + 10 + 56, -h + 6 = 5*z. List the prime factors of h.
2
List the prime factors of 0/10 - -26*11.
2, 11, 13
Suppose 3*k = 3*n - 1 - 2, 2*k + 22 = -2*n. Suppose -4*g - 6 = -38. Let w = g + k. What are the prime factors of w?
2
Suppose 17 = 4*h + 3*r, 4*r - 20 = -5*h + h. Suppose 0 = -h*k - 268 - 60. List the prime factors of (-6)/(-21) - k/14.
2, 3
Let i be 260/22 + 16/88. Let s = i + 24. List the prime factors of s.
2, 3
Let u = -44 - -195. What are the prime factors of u?
151
Let q be 2/(-12) - 2/(-12). Suppose q = -0*s + 3*s - 42. What are the prime factors of s?
2, 7
Let s(n) = n**3 + 12*n**2 + 10*n - 10. Let j be s(-11). Let g(a) = 7*a**2 - 11*a**2 + 25*a**2 - j. What are the prime factors of g(-1)?
2, 5
Let m = 91 - 74. List the prime factors of m.
17
Suppose 76 + 54 = 5*a. Suppose -p - 9 = -a. What are the prime factors of p?
17
Suppose -167 - 138 = -5*m. List the prime factors of m.
61
Suppose -6 = -4*j - 2*v, -4*j - 2*v + 21 = -3*v. Suppose -j*g + 14 + 26 = 0. List the prime factors of g.
2, 5
Let o(w) = w**3 - 2*w**2 - w - 1. Let x(p) = p**2 + 12*p + 15. Let m be x(-11). Let a be o(m). Let g = a + -8. What are the prime factors of g?
19
Suppose -3*l + 4*f = -0*f + 19, 0 = -3*l + 2*f - 29. Let r be -3 - (3 + 5/(-1)). Let n = r - l. What are the prime factors of n?
2, 3
List the prime factors of (202*(-3)/6)/(1 + -2).
101
Suppose -d + 17 = -5*b, 2*d + 3*b = -d - 21. Let a be 42/8 - d/(-12). Suppose -a*i + 4 = -6. List the prime factors of i.
2
Suppose 5*u = -5*g - 5, 5*u - g + 17 = -6. List the prime factors of u/(-3)*(-4 + 25).
2, 7
Let d(v) be the second derivative of -5*v**3/6 - v**2/2 + v. Let w be d(-1). Suppose -b + 50 = w*b. List the prime factors of b.
2, 5
Let z(r) = r**3 - 6*r**2 + 2*r + 7. Let h be z(6). Suppose -2*a + h + 1 = 0. What are the prime factors of a?
2, 5
Let q(l) = l**3 - 5*l**2 + 2. Let j be q(5). Suppose k + 12 = 4*u - 2*u, -29 = j*k - 5*u. List the prime factors of (-27)/k*4/3.
2, 3
Let r be 350/15 + 1/(-3). Let j(m) = -m**3 + m**2 + m + 4. Let u be j(0). Suppose 5*h + 0*l - u*l - r = 0, h = 2*l + 7. List the prime factors of h.
3
What are the prime factors of (24/9 + 2)*3?
2, 7
Suppose 0 = 3*a + 5*b - 16, -5*a - 4*b + 27 = -17. Suppose 0 = -2*n + 6*n - a. Suppose 5*l + 2*o = 3*o + 27, 0 = -l - o + n. What are the prime factors of l?
5
Let v(f) be the first derivative of f**3/3 - f**2 - 4*f - 3. Let h be v(4). Let o = h - 2. What are the prime factors of o?
2
Let o(u) = -2*u - 12. Let j be o(-8). Suppose -5*n + i + 0*i = -205, 4*i = -2*n + 60. Suppose 4*r = j*z - n, -z - 20 = -2*r + 7*r. List the prime factors of z.
5
Suppose 16*n + 96 = 2400. List the prime factors of n.
2, 3
Suppose 310 = 2*i + 2*r - 50, -540 = -3*i - r. List the prime factors of i.
2, 3, 5
Let x(w) be the third derivative of -w**5/60 - w**4/3 + w**3/3 + 4*w**2. Let y be x(-5). Suppose q + 0 = y. List the prime factors of q.
17
Suppose 5*i + 18 = -u, 0 = -4*u - u - 15. What are the prime factors of ((-171)/i + -4)*1?
53
Let o(d) = -d + 1. Let m be o(6). Let r(x) be the first derivative of x**3/3 + 3*x**2/2 + x + 1. List the prime factors of r(m).
11
Let d(t) = t**2 - 5*t - 7. Let l be d(5). Let m(s) = -s**2 - 10*s - 5. List the prime factors of m(l).
2
Suppose 56 = 2*w - 2. What are the prime factors of w?
29
Let w(p) = -2*p**3 + p**3 + 0*p**3 + 2*p. Let s be w(-2). What are the prime factors of (s - -7)/((-2)/(-2))?
11
Let d be (2 - -1)/((-2)/(-108)). Suppose -3*q - 5*g = -118 - d, 2*q + 4*g = 190. Suppose -5*z = -4*h - 0*h - 40, q = 5*z + 5*h. What are the prime factors of z?
2, 3
Let m = 143 + -116. What are the prime factors of m?
3
Suppose 2*a - 37 = 87. What are the prime factors of a?
2, 31
Let s(j) = 3*j - 1. Let v be s(1). Suppose -6*q - 64 = -v*q. Let y = 23 + q. What are the prime factors of y?
7
Suppose -l - 4*m - 2 = 0, 4*l + 3*m + 1 = 6. What are the prime factors of l?
2
Let d(q) = 63*q - 13. List the prime factors of d(2).
113
Suppose 0*y + 2*y = 28. What are the prime factors of y?
2, 7
What are the prime factors of (((-160)/(-24))/(-4))/((-2)/174)?
5, 29
Let f(a) = a - 9. Suppose 4*m - 28 = 8. Let c be f(m). Suppose c = -4*n + 33 + 3. What are the prime factors of n?
3
Let x(c) = c**2 + 2*c - 9. List the prime factors of x(5).
2, 13
Let b = 182 + -131. What are the prime factors of b?
3, 17
Let d(h) = 2*h**2 - 11*h - 7. What are the prime factors of d(8)?
3, 11
Suppose 14*b - 15*b = -12. List the prime factors of b.
2, 3
Let f(h) = 7*h**2 - 12*h + 2. Let a(d) = 13*d**2 - 23*d + 5. Let m(l) = 6*a(l) - 11*f(l). What are the prime factors of m(6)?
2
Let i be -1 + 34 + (-2)/(-2). Suppose 7*q = 5*q + i. List the prime factors of q.
17
Suppose -11 - 14 = -5*z. Let u = z - 3. What are the prime factors of u?
2
Let k be (-6)/9*1*3. What are the prime factors of 2 - 0*(-1)/k?
2
Let n = 12 + 11. Suppose -13 = 5*r - 4*r. Let i = n + r. List the prime factors of i.
2, 5
Suppose 5 = z - 0*z. Suppose 4*v + 5*t - 27 = 0, -4*t + z = 3*v - 16. What are the prime factors of v?
3
Let f = 15 + 47. What are the prime factors of f?
2, 31
Suppose 0 = -b - 5*o + 254, 4*b - 5*o = 2*b + 508. List the prime factors of b.
2, 127
Suppose -9*f = 16*f - 5850. What are the prime factors of f?
2, 3, 13
Suppose -4*g + 2 = -3*o, -5 = 3*o - 3*g - 2. Suppose -i + 10 = 4*y, -3*y + 7 + 6 = -2*i. What are the prime factors of 2 - (0 + i + o)?
2, 3
Suppose 0*z = -2*z + 234. List the prime factors of z.
3, 13
Let g be (-3)/(1 + 2)*1. Let x = 2 - g. Suppose 2*o + x*o = 45. List the prime factors of o.
3
Let n be 4*(-1)/((-16)/(-12)). What are the prime factors of n/(-3)*(31 + 2)?
3, 11
Let p(v) = 8*v. Let g(f) = f**3 - 5*f**2 + 2*f - 7. Let x be g(5). Let w be p(x). Suppose w = 2*q - 6. What are the prime factors of q?
3, 5
Suppose -5*h - 5*c + 3 + 12 = 0, -3*c + 7 = h. Let w be h + (6/(-3) - -1). Suppose w = 5*r - 33 + 3. What are the prime factors of r?
2, 3
Let i = -36 + 66. List the prime factors of i.
2, 3, 5
Let u be (-14)/21 + 4*5/3. Let v(d) = 3. Let s(l) = l + 2. Let g(i) = 2*s(i) - 3*v(i). What are the prime factors of g(u)?
7
Let n(i) = 10*i**2 + 5*i - 2. What are the prime factors of n(3)?
103
Let m be (18/(-12))/((-3)/10). Let y = -18 - -31. Let h = y - m. List the prime factors of h.
2
Let w be 2*(-35)/6*-3. Suppose 6*q - 2*c = q - 92, -c - w = 2*q. List the prime factors of 25/9 + (-4)/q.
3
List the prime factors of (-24)/(2/12*-2).
2, 3
List the prime factors of (-192)/10*((-945)/14)/9.
2, 3
Let s(k) = 2*k**2 - 5*k + 4. List the prime factors of s(8).
2, 23
Suppose 0 = v + 4*c + 5, c - 1 + 18 = 5*v. Let h(g) = 5*g - 11. Let p(q) = 3*q - 5. Let n(y) = -2*h(y) + 5*p(y). What are the prime